 -2*q - p. What is the tens digit of q?
6
Let m(r) = 2*r**3 - 1. Let w be m(1). Suppose 3*n + 7 = k - 6*k, n + w = -k. What is the units digit of 59/1 + 0 + n?
0
Suppose -57973 = -22*g - 12565. What is the hundreds digit of g?
0
Suppose 4*a = -0*m + m + 82, a + 4*m = 29. Let b be (-7)/(a/6) + 2. Suppose -f - 5*h = -5*f + 144, b = 4*f - 2*h - 144. What is the tens digit of f?
3
Let x be (-177)/(-5) - 3/(-5). Let c = -17 + x. What is the units digit of c?
9
Suppose 20 = 4*x + 4*d, -2 = x + 3*d - 7. Suppose -q = -j + 95, 0 = 5*j + x*q - 513 + 68. What is the units digit of j?
2
Suppose 13915 = 4*a + 2*o + 3341, -2633 = -a + 3*o. What is the hundreds digit of a?
6
Suppose 8*g - 18154 = 7766. What is the hundreds digit of g?
2
Suppose -27*x + 6925 = -22*x. What is the hundreds digit of x?
3
Suppose 34*o + 19081 = 57433. What is the hundreds digit of o?
1
Let v = -105 - -108. Suppose v*u - 37 = -2*s, -2*u - 124 = -5*s + u. What is the units digit of s?
3
Let p = 11583 + -7364. What is the tens digit of p?
1
Let b be (3 + 3)/(1/3). Let q = -587 - -1063. What is the units digit of q/126 - (-4)/b?
4
Suppose -2*k + 637 = -s, 0 = -4*k + 4*s - 2 + 1270. What is the tens digit of k?
2
Let l = 509 + -192. Let k = l - -36. What is the tens digit of k?
5
Suppose q + 38 = 4*h - 7, 5*q - 25 = -5*h. Let i = 90 - 10. Suppose i = -6*s + h*s. What is the tens digit of s?
2
Suppose -q + 65 = 3*h + h, 2*h + 2*q = 34. Suppose -u - 6 = -3*u, 0 = 2*i + 4*u - h. Suppose b - n = -5*n + 19, b - i*n = 31. What is the tens digit of b?
2
Let j be (3 - -1)/(5 - 3). Suppose -j*a = -a + 12. What is the tens digit of (a/(-9))/((-6)/(-99))?
2
Let u(q) = -5*q**2 - 15*q - 46. Suppose a - 5 = 6. Let w(z) = z**2 + 3*z + 9. Let r(c) = a*w(c) + 2*u(c). What is the tens digit of r(-6)?
2
Let u(y) = -19*y + 75. Let a be u(-25). Suppose -5*s - 150 = -a. What is the tens digit of s?
8
Let r be 4*2/8 + 2. Suppose -m = -q + 3*q - 73, -r*q = 0. What is the tens digit of m?
7
Let w(o) = 35*o - 13. What is the hundreds digit of w(14)?
4
Suppose -p = -2*p + 11. Let v = p - -10. Suppose -2*d + v = 1. What is the units digit of d?
0
Let f(i) = 19*i - 15 - 2 - 4. Let j be f(6). Suppose 0 = 8*r - 5*r - j. What is the tens digit of r?
3
Let h = 190 + -109. Let m = -64 + h. What is the units digit of m?
7
Let c(f) = 10*f**2 - 11*f + 54. What is the hundreds digit of c(9)?
7
Suppose -5*q + 54 + 81 = 2*j, -4*j - 2*q + 294 = 0. What is the tens digit of j?
7
Suppose -168*q = -164*q - 9288. What is the hundreds digit of q?
3
Suppose 33*w + 7808 = 54371. What is the hundreds digit of w?
4
Let w(r) = -21*r**3 - 11*r**2 - 13*r - 9. What is the thousands digit of w(-5)?
2
Let i(w) = 20*w**2 + w**3 + 1 + 4 - 18*w + 40*w + 0. What is the hundreds digit of i(-18)?
2
Let z = 568 + -810. Let t = -128 - z. What is the units digit of t?
4
Let n = 109 - 107. Suppose -2*i + 118 = g, -2*i - n*g + 175 - 57 = 0. What is the units digit of i?
9
Let h be (-6)/12 - 29/(-2). Let t(y) = -1 - 9*y**2 - 2*y + 8*y**2 + 2*y + h*y. What is the units digit of t(7)?
8
Let c(t) = 12*t**3 - 5*t**2 + t + 5. What is the hundreds digit of c(3)?
2
Let i(b) = 2*b + 4. Let a be i(4). Suppose -7*c + 5*c + a = 0. Suppose -c*l + 3*l + 127 = 4*p, -51 = -l + 3*p. What is the tens digit of l?
4
Suppose 7*g - 33 = -12. Suppose 38 + 547 = g*z. What is the hundreds digit of z?
1
Let c = 385 + -378. Suppose -3*g + g = -4*b + 176, -4*g = 2*b - 108. Let j = b - c. What is the tens digit of j?
3
Let f(t) = -135*t - 122. What is the hundreds digit of f(-4)?
4
Let g be (15 + -13)*3*2. Let x = g - 9. Suppose z = x + 7. What is the units digit of z?
0
What is the hundreds digit of 2145/9 - (-8)/12?
2
Let n(o) = 75*o - 385. Let z be n(6). Let p be (-508)/14 + 4/14. Let w = p + z. What is the tens digit of w?
2
Let l(m) = -5*m**2 - m + 49. What is the units digit of l(0)?
9
Let g = -8 + -7. Let i = -9 - g. Suppose -4*k + 0*c = 2*c - i, 0 = 3*k - 5*c - 11. What is the units digit of k?
2
Let k = 21 + -10. Let y = -8 + k. Suppose -40 = -y*w + 20. What is the tens digit of w?
2
Let u(k) = -6*k**3 - 17*k**2 - 3*k + 7. Let h(y) = 7*y**3 + 18*y**2 + 2*y - 8. Let g(m) = -5*h(m) - 6*u(m). What is the tens digit of g(-4)?
9
Let g be 90/27*(-3)/(-2). Suppose g*a + 5 = 0, 5*a = 4*h - 0 - 5. Suppose 52 - 8 = 4*k + 4*r, h = 2*r. What is the tens digit of k?
1
Let o(s) = -s**2 - 24*s - 2. What is the units digit of o(-13)?
1
Suppose 0 = -6*p + 5*p + 5. Suppose -p*i + 47 = 17. Suppose 2*d = i*d - 24. What is the units digit of d?
6
Suppose 12 = -4*b - q - q, 4*b + 12 = 5*q. Let y(l) = -2*l**3 - 2*l**2 + l - 4. What is the tens digit of y(b)?
2
Let a(u) be the second derivative of 0 + 5/3*u**3 + 7/2*u**2 - u - 1/12*u**4. What is the units digit of a(10)?
7
Let j be (-2)/3 - 3136/21. Let r = j - -355. What is the units digit of r?
5
Let i(g) = -g**3 + 9*g**2 + 11*g. What is the tens digit of i(-7)?
0
Let b = -52 - -105. Suppose b = 4*o - 3. What is the units digit of (o/(-6))/(2/(-18))?
1
What is the hundreds digit of 12192/22 - (-26)/(-143)?
5
Suppose p - 12 = -2*p. Suppose 0 = -u + 4, -2*b + 7 + 13 = 5*u. Suppose -k - 24 = -2*j, k + k + p = b. What is the units digit of j?
1
Suppose -3*x + 2*x + 18 = 0. Let i be 346/x + (-2)/9. Let m = i - 4. What is the tens digit of m?
1
Let j = 15 - 10. Suppose 0 = 2*v + 2*s + 70, -3*s + 45 = -5*v - 170. What is the units digit of 214/j - 8/v?
3
Suppose 3*u + 2*p = -2*p + 96, -5*u + 4*p + 160 = 0. Let v = u + -27. What is the tens digit of ((-2)/(-5))/(v/800)?
6
Suppose f = -13*j + 17*j - 3816, 5*j - 4770 = f. What is the hundreds digit of j?
9
Suppose -t - 58 = -4*h + 3*h, 162 = 3*h + t. Let a(x) = -x**3 - 3*x**2 + 2*x + 5. Let p be a(-5). Suppose -5*o + h = -p. What is the tens digit of o?
2
Let t(p) = 3*p - 2. Let h = -13 - -10. Let n = 12 + h. What is the units digit of t(n)?
5
Let b(a) = 7*a**3 + 7*a**2 - 2. What is the hundreds digit of b(4)?
5
Suppose -10*k + 2031 + 1159 = 0. Let w = k + -158. What is the tens digit of w?
6
Suppose s - 2*s - 2*z + 64 = 0, 0 = -2*s + 5*z + 92. Suppose 3*y + n - 12 = -y, 0 = 2*n. Suppose -c + y*a = -29 - 55, -4*a = c - s. What is the tens digit of c?
7
Let n(p) = -73*p + 12. What is the hundreds digit of n(-3)?
2
Let s be 10*((-15)/6 - -3). Suppose c - g - 13 = 25, s*c + 2*g - 197 = 0. What is the tens digit of c?
3
Let y be (-1 + 2)*102/(-3). Suppose l + 82 = 3*p - 84, -3*l = -4*p + 218. Let t = p + y. What is the units digit of t?
2
Suppose 5278 = 27*x - 5063. What is the tens digit of x?
8
Let d be ((-108)/(-63))/(4/14). Suppose 4*p = -5*w - 10, w + d = 2*p - 2*w. Suppose -g + l + 32 = p, 4*l = -5*g + 2*l + 146. What is the units digit of g?
0
Let p be 280/88 - (-4)/(-22). Suppose 8*u + h - 526 = p*u, -u + h = -110. What is the tens digit of u?
0
Suppose -5*d + 6*d = 5. Suppose -d*u + 73 = -212. Suppose -4*p = -2*x - 96, 4*p - 47 = 4*x + u. What is the units digit of p?
2
Let j be ((-7)/21)/(3/(-7947)). Suppose -279 = -7*o + j. What is the hundreds digit of o?
1
Suppose 1554 - 4422 = 6*g. What is the units digit of 21/14*(g/(-6) - 1)?
8
Let l(m) = 901*m - 16. What is the units digit of l(1)?
5
Let m = -105 - -242. What is the tens digit of m?
3
Let v(c) = 111*c**2 + 84*c - 9. What is the tens digit of v(7)?
1
Let o = 166 - 101. Let c be (2*(-1)/(-6))/(9/135). Suppose -3*h - c*w + o = 0, -w = 2*h - 4*h + 52. What is the tens digit of h?
2
Suppose 55*t = 15*t + 15440. What is the hundreds digit of t?
3
Let z(t) = 89*t**2 - 7*t - 15. What is the hundreds digit of z(-3)?
8
Suppose -3*y + 0*p - 3*p = -222, -320 = -4*y + 4*p. What is the tens digit of y?
7
Suppose 58*y - 74304 = 31*y. What is the units digit of y?
2
What is the units digit of 12/52 + (-210606)/(-143)?
3
Let n(v) = -v**3 - 4*v**2 + 13*v + 8. Let q be n(-6). Suppose -5*f = u + 4*u - 410, q*u - 82 = -f. What is the tens digit of f?
8
Suppose -3*f + 2916 = 3*d, -5*d - 52*f = -57*f - 4870. What is the tens digit of d?
7
Let h = -38 - -52. Suppose -5*g = -799 + h. What is the tens digit of g?
5
Suppose 3*d = 2 - 14. Let b(t) = 2*t**2 - 4*t + 4. What is the tens digit of b(d)?
5
Suppose 36 = -g + 4*g + i, 5*g - 3*i = 60. Suppose g = -3*c + 96. Let l = c + -7. What is the tens digit of l?
2
Suppose -19 = 3*c - 4. Let g = c + 10. Suppose g*p